{"id":6879,"date":"2024-08-14T15:18:45","date_gmt":"2024-08-14T21:18:45","guid":{"rendered":"https:\/\/educacion.nayarit.gob.mx\/?page_id=6879"},"modified":"2024-08-15T09:51:19","modified_gmt":"2024-08-15T15:51:19","slug":"solicitud-de-dictamen-de-bienes-muebles-y-equipos-diversos","status":"publish","type":"page","link":"https:\/\/educa.nayarit.gob.mx\/?page_id=6879","title":{"rendered":"Solicitud de Dictamen de Bienes Muebles y Equipos Diversos"},"content":{"rendered":"\n<figure class=\"wp-block-image size-large\"><img loading=\"lazy\" width=\"1024\" height=\"379\" src=\"https:\/\/educacion.nayarit.gob.mx\/wp-content\/uploads\/2024\/01\/fondo_formulario-google-1024x379.png\" alt=\"\" class=\"wp-image-6414\" srcset=\"https:\/\/educa.nayarit.gob.mx\/wp-content\/uploads\/2024\/01\/fondo_formulario-google-1024x379.png 1024w, https:\/\/educa.nayarit.gob.mx\/wp-content\/uploads\/2024\/01\/fondo_formulario-google-300x111.png 300w, https:\/\/educa.nayarit.gob.mx\/wp-content\/uploads\/2024\/01\/fondo_formulario-google-768x284.png 768w, https:\/\/educa.nayarit.gob.mx\/wp-content\/uploads\/2024\/01\/fondo_formulario-google.png 1280w\" sizes=\"(max-width: 1024px) 100vw, 1024px\" \/><figcaption><strong><em>Formato oficial<\/em><\/strong><br><\/figcaption><\/figure>\n\n\n\n<ol><li>Accede al enlace proporcionado para descargar el archivo de Word.<\/li><li>Una vez descargado el archivo, \u00e1brelo en Microsoft Word u otro software compatible.<\/li><li>Aseg\u00farate de tener instaladas las fuentes de letra correctas. Los encabezados deben utilizar la fuente \u201cGotham\u201d, mientras que el cuerpo del texto debe utilizar la fuente \u201cMontserrat\u201d.<\/li><li>Revisa el encabezado y el pie de p\u00e1gina del documento. Aseg\u00farate de que los logotipos correspondientes est\u00e9n correctamente ubicados en ambos lugares.<\/li><li>Rellena el documento con los datos correctos seg\u00fan las instrucciones proporcionadas.<\/li><li>Verifica cuidadosamente que todos los datos est\u00e9n completos y correctos.<\/li><li>Guarda los cambios realizados en el archivo.<\/li><li>Imprime una copia del documento.<\/li><li>Firma el documento impreso.<\/li><li>Dir\u00edgete al departamento de Recursos Materiales y Servicios Generales de la Secretaria de Educaci\u00f3n.<\/li><li>Entrega personalmente el documento impreso y firmado al departamento mencionado.<\/li><\/ol>\n\n\n\n<p>Recuerda asegurarte de que todos los pasos se realicen correctamente para cumplir con los requisitos establecidos. \u00a1Buena suerte con tu tr\u00e1mite!<\/p>\n\n\n\n<div class=\"wp-block-image\"><figure class=\"aligncenter size-full is-resized\"><a href=\"https:\/\/educacion.nayarit.gob.mx\/archivos\/FormatoOficialDeOficiosDeBienesMuebles.docx\"><img loading=\"lazy\" src=\"https:\/\/educacion.nayarit.gob.mx\/wp-content\/uploads\/2023\/06\/Microsoft_Office_Word_2019\u2013present.svg.jpg\" alt=\"\" class=\"wp-image-5040\" width=\"250\" height=\"233\" srcset=\"https:\/\/educa.nayarit.gob.mx\/wp-content\/uploads\/2023\/06\/Microsoft_Office_Word_2019\u2013present.svg.jpg 500w, https:\/\/educa.nayarit.gob.mx\/wp-content\/uploads\/2023\/06\/Microsoft_Office_Word_2019\u2013present.svg-300x279.jpg 300w\" sizes=\"(max-width: 250px) 100vw, 250px\" \/><\/a><figcaption>Formato Oficial de Oficios de Solicitud de dictamen bienes muebles y equipos diversos.<\/figcaption><\/figure><\/div>\n","protected":false},"excerpt":{"rendered":"<p>Accede al enlace proporcionado para descargar el archivo de Word. Una vez descargado el archivo, \u00e1brelo en Microsoft Word u otro software compatible. Aseg\u00farate de tener instaladas las fuentes de letra correctas. Los encabezados deben utilizar la fuente \u201cGotham\u201d, mientras que el cuerpo del texto debe utilizar la fuente \u201cMontserrat\u201d. Revisa el encabezado y el [&hellip;]<\/p>\n","protected":false},"author":1,"featured_media":0,"parent":0,"menu_order":0,"comment_status":"closed","ping_status":"closed","template":"","meta":[],"_links":{"self":[{"href":"https:\/\/educa.nayarit.gob.mx\/index.php?rest_route=\/wp\/v2\/pages\/6879"}],"collection":[{"href":"https:\/\/educa.nayarit.gob.mx\/index.php?rest_route=\/wp\/v2\/pages"}],"about":[{"href":"https:\/\/educa.nayarit.gob.mx\/index.php?rest_route=\/wp\/v2\/types\/page"}],"author":[{"embeddable":true,"href":"https:\/\/educa.nayarit.gob.mx\/index.php?rest_route=\/wp\/v2\/users\/1"}],"replies":[{"embeddable":true,"href":"https:\/\/educa.nayarit.gob.mx\/index.php?rest_route=%2Fwp%2Fv2%2Fcomments&post=6879"}],"version-history":[{"count":4,"href":"https:\/\/educa.nayarit.gob.mx\/index.php?rest_route=\/wp\/v2\/pages\/6879\/revisions"}],"predecessor-version":[{"id":6886,"href":"https:\/\/educa.nayarit.gob.mx\/index.php?rest_route=\/wp\/v2\/pages\/6879\/revisions\/6886"}],"wp:attachment":[{"href":"https:\/\/educa.nayarit.gob.mx\/index.php?rest_route=%2Fwp%2Fv2%2Fmedia&parent=6879"}],"curies":[{"name":"wp","href":"https:\/\/api.w.org\/{rel}","templated":true}]}}